{"id":12,"date":"2022-11-03T21:37:16","date_gmt":"2022-11-03T21:37:16","guid":{"rendered":"https:\/\/www.ksiadzali.pl\/?page_id=12"},"modified":"2022-11-03T21:37:16","modified_gmt":"2022-11-03T21:37:16","slug":"parafia-sw-franciszka","status":"publish","type":"page","link":"https:\/\/www.ksiadzali.pl\/?page_id=12","title":{"rendered":"Parafia \u015bw. Franciszka"},"content":{"rendered":"<p><strong>\u00a0\u00a0\u00a0 Historia Parafii \u015bw. Franciszka z Asy\u017cu w Izabelinie, wsi po\u0142o\u017conej na skraju Puszczy Kampinoskiej, rozpocz\u0119\u0142a si\u0119 70 lat temu z inicjatywy Prymasa Tysi\u0105clecia \u2013 ks. kard. Stefana Wyszy\u0144skiego. \u00a0Cho\u0107 trudno w kilkunastu zdaniach przytoczy\u0107 histori\u0119 tego szczeg\u00f3lnego miejsca warto si\u0119gn\u0105\u0107 do jej pocz\u0105tk\u00f3w. <\/strong><\/p>\n<p>Kardyna\u0142 widzia\u0142 potrzeb\u0119 utworzenia parafii na skraju Puszczy. Funkcj\u0119 ko\u015bcio\u0142a pe\u0142ni\u0142a w\u00f3wczas kaplica w Laskach. Proboszczem zosta\u0142 ks. Aleksander Fedorowicz, kt\u00f3ry wcze\u015bniej pos\u0142ugiwa\u0142 w Laskach u boku ks. W\u0142adys\u0142awa Korni\u0142owicza, kierownika duchowego Dzie\u0142a Niewidomych<br \/>\nw Laskach i Zgromadzenia Si\u00f3str Franciszkanek S\u0142u\u017cebnic Krzy\u017ca. Duchowo\u015b\u0107 miejsca oraz bezpo\u015bredni kontakt z przyrod\u0105 by\u0142y najprawdopodobniej \u00a0inspiracj\u0105 do obrania na patrona izabeli\u0144skiej parafii \u201eBiedaczyny z Asy\u017cu\u201d.<\/p>\n<p>Pierwszy tom kroniki parafialnej rozpoczyna odr\u0119czna notatka siostry Klary Jaroszy\u0144skiej, kt\u00f3ra towarzyszy\u0142a ks. Alemu w Jego duszpasterskiej s\u0142u\u017cbie podobnie jak kilka innych Si\u00f3str ze Zgromadzenia w Laskach. Czytamy w niej, \u017ce wsp\u00f3lnota liczy\u0142a w\u00f3wczas 3200 wiernych.<\/p>\n<p>Miejsce na \u015bwi\u0105tyni\u0119 wybierane by\u0142o pod k\u0105tem centralnego usytuowania. 15 lipca 1951 r. odby\u0142a si\u0119 ceremonia wprowadzenia proboszcza. Place pod budow\u0119 podarowali wierni, a na tymczasow\u0105 siedzib\u0119 sprowadzono barak z Wroc\u0142awia. W pa\u017adzierniku po\u015bwi\u0119cono krzy\u017c i kamie\u0144 w\u0119gielny. By\u0142 to trudny okres, czas walki z Ko\u015bcio\u0142em. Wiara i determinacja budowniczych by\u0142a jednak niez\u0142omna.\u00a0 Zwracaj\u0105c si\u0119 do parafian \u2013 zar\u00f3wno na pocz\u0105tku, jak i p\u00f3\u017aniej \u2013 ks. Ali m\u00f3wi m.in.: <em>Nie dla pr\u00f3\u017cnej chwa\u0142y buduje si\u0119 ko\u015bci\u00f3\u0142, ale z prawdziwej potrzeby serca..<\/em>.<\/p>\n<p>Od pocz\u0105tku wiadomo by\u0142o, \u017ce zar\u00f3wno konstrukcja jak i wystr\u00f3j maj\u0105 by\u0107 proste. \u2013<em> B\u00f3g jest prosty i pi\u0119kny<\/em> \u2013 podkre\u015bla\u0142 proboszcz. W sierpniu 1952 r. prymas S. Wyszy\u0144ski po\u015bwi\u0119ci\u0142 ko\u015bci\u00f3\u0142 i wyg\u0142osi\u0142 kazanie dla blisko 4 tys. zebranych.<\/p>\n<p>W 1957 r. wsp\u00f3ln\u0105 pielgrzymk\u0119 parafian na Jasn\u0105 G\u00f3r\u0119 poprzedzi\u0142o nawiedzenie Izabelina przez kopi\u0119 cudownego wizerunku Matki Boskiej Cz\u0119stochowskiej. Od samego pocz\u0105tku dostrzec mo\u017cna ogromne zawierzenie i zaufanie w opiek\u0119 i prowadzenie Matki Boskiej Jasnog\u00f3rskiej, kt\u00f3rej gospodarz powierza\u0142 losy parafii i wiernych. R\u00f3wnolegle ze wznoszeniem mur\u00f3w ks. Ali budowa\u0142 inny ko\u015bci\u00f3\u0142 \u2013 wsp\u00f3lnot\u0119 ludzi, kt\u00f3rzy go tworz\u0105. Wsp\u00f3lnie z siostrami w\u0119drowa\u0142 do dom\u00f3w i zach\u0119ca\u0142, by ludzie przychodzili do ko\u015bcio\u0142a. Tych najubo\u017cszych, \u017cyj\u0105cych w skromnych warunkach przekonywa\u0142, \u017ce Pan Jezus nie patrzy na ubranie, a na serce. \u2013<em> Bogu nie zale\u017cy na tym co zewn\u0119trzne, ale na wn\u0119trzu cz\u0142owieka, na jego sercu \u2013 mi\u0142o\u015bci i dobroci<\/em> \u2013 m\u00f3wi\u0142. Zach\u0119ca\u0142 te\u017c dzieci. W kronice znale\u017a\u0107 mo\u017cna wzruszaj\u0105cy wpis siostry Klary o bli\u017aniakach \u2013 Wiesi i Wiesiu. Marzyli o lalce i samochodziku. Ich marzenia spe\u0142ni\u0142y si\u0119 w ko\u015bciele. Przysz\u0142y tu i dosta\u0142y wymarzone prezenty. W \u015blad za nimi przysz\u0142y inne dzieci. Ks. Ali wspiera\u0142 uzale\u017cnionych od alkoholu, ich rodziny oraz tych, kt\u00f3rzy do\u015bwiadczali choroby i cierpienia. Proboszcz rozumia\u0142 ludzkie dramaty bardzo dobrze. Sam latami zmaga\u0142 si\u0119 z gru\u017alic\u0105, nowotworem\u2026 Odszed\u0142 15 lipca 1965 r. po czternastoletniej s\u0142u\u017cbie w Izabelinie. Kolejni proboszczowie podtrzymuj\u0105 pami\u0119\u0107 o swoim poprzedniku, a ka\u017cdego miesi\u0105ca w okolicy urodzin kap\u0142ana odprawiana jest Msza \u015bw. o jego rych\u0142\u0105 beatyfikacj\u0119. Wierni modl\u0105 si\u0119 za wstawiennictwem duchowego opiekuna wypraszaj\u0105c \u0142aski i ciche cuda. W kazaniach ks. Ali m\u00f3wi\u0142 o mi\u0142o\u015bci, kt\u00f3r\u0105 ni\u00f3s\u0142 innym poci\u0105gaj\u0105c ich do Boga i siebie nawzajem. Dla ks. Alego mi\u0142o\u015b\u0107 nie by\u0142a jedynie czczym s\u0142owem. T\u0119 mi\u0142o\u015b\u0107 wyra\u017ca\u0142 \u015bwiadectwem swojego \u017cycia.<\/p>\n<p>Kolejni proboszczowie Parafii \u015bw. Franciszka z Asy\u017cu w Izabelinie to:<\/p>\n<ol>\n<li>Andrzej Santorski (1965-1984)<\/li>\n<li>J\u00f3zef Podstawka (1984-1993)<\/li>\n<li>Andrzej Ga\u0142ka (1993-1994)<\/li>\n<li>Maciej Cholewa (1994-2006)<\/li>\n<li>Henryk Michalak (2006-2013)<\/li>\n<li>Stanis\u0142aw D\u0119bicki (2013 &#8211; )<\/li>\n<\/ol>\n<p>&nbsp;<\/p>\n","protected":false},"excerpt":{"rendered":"<p>\u00a0\u00a0\u00a0 Historia Parafii \u015bw. Franciszka z Asy\u017cu w Izabelinie, wsi po\u0142o\u017conej na skraju Puszczy Kampinoskiej, rozpocz\u0119\u0142a si\u0119 70 lat temu<\/p>\n<p><a href=\"https:\/\/www.ksiadzali.pl\/?page_id=12\" class=\"more-link\">Continue reading<span class=\"screen-reader-text\">Parafia \u015bw. Franciszka<\/span><\/a><\/p>\n","protected":false},"author":1,"featured_media":0,"parent":0,"menu_order":0,"comment_status":"closed","ping_status":"closed","template":"full-width.php","meta":[],"_links":{"self":[{"href":"https:\/\/www.ksiadzali.pl\/index.php?rest_route=\/wp\/v2\/pages\/12"}],"collection":[{"href":"https:\/\/www.ksiadzali.pl\/index.php?rest_route=\/wp\/v2\/pages"}],"about":[{"href":"https:\/\/www.ksiadzali.pl\/index.php?rest_route=\/wp\/v2\/types\/page"}],"author":[{"embeddable":true,"href":"https:\/\/www.ksiadzali.pl\/index.php?rest_route=\/wp\/v2\/users\/1"}],"replies":[{"embeddable":true,"href":"https:\/\/www.ksiadzali.pl\/index.php?rest_route=%2Fwp%2Fv2%2Fcomments&post=12"}],"version-history":[{"count":1,"href":"https:\/\/www.ksiadzali.pl\/index.php?rest_route=\/wp\/v2\/pages\/12\/revisions"}],"predecessor-version":[{"id":13,"href":"https:\/\/www.ksiadzali.pl\/index.php?rest_route=\/wp\/v2\/pages\/12\/revisions\/13"}],"wp:attachment":[{"href":"https:\/\/www.ksiadzali.pl\/index.php?rest_route=%2Fwp%2Fv2%2Fmedia&parent=12"}],"curies":[{"name":"wp","href":"https:\/\/api.w.org\/{rel}","templated":true}]}}